ppose 0 = -9*r - 6562 + 1711. Let t = -306 - r. What is the units digit of t?
3
Let x(p) = p**3 + 25*p**2 - 36*p + 36. Let y = -101 + 75. What is the units digit of x(y)?
6
Let v be (-350)/3*(-9)/6. Let a = -108 + v. What is the units digit of a?
7
Let q(z) = -2*z - 5*z + 296 + 76 + 3*z. Let x be q(0). Suppose 2*r - 8*r = -x. What is the tens digit of r?
6
Let y = 2027 - 1406. What is the tens digit of y + (13 - 6 - 3)?
2
Suppose 2*n - 42*v + 39*v = 33602, 50406 = 3*n - 3*v. What is the thousands digit of n?
6
Suppose 32*y = 33*y - 1720. Suppose y = 7*u + 75. What is the units digit of u?
5
Let v = -4564 - -15013. What is the tens digit of v?
4
Let u(b) = -3*b**3 - 266*b**2 - 276*b + 136. What is the hundreds digit of u(-90)?
3
Let g = 42209 + -38895. What is the thousands digit of g?
3
Let w(b) = -132*b + 3694. What is the units digit of w(-97)?
8
Suppose -19*t + 156 = -6*t. Suppose 0 = 6*r - 3*r - t. Suppose 3*f + 180 = r*f. What is the hundreds digit of f?
1
Suppose -172*h + 1934720 = -39*h + 27*h. What is the units digit of h?
2
Let g(b) = b**2 - 6*b - 35. Let q be g(-4). Suppose -q*h + 232 = 3*h. What is the units digit of h?
9
Suppose -2*n + 0*s + 20 = -2*s, -s + 20 = 5*n. What is the units digit of (6/n)/(45/8250)?
0
Suppose 0*c + 70 = c. Suppose -5*t + 370 = 3*q, -4*q + 141 = 3*t - c. Suppose 2*u + 3*w - t = 29, 0 = -u - w + 54. What is the tens digit of u?
5
Suppose 0 = -3*n + 9*n + 150. Let o = 27 + n. Suppose -2*u - 3*r = 25 - 354, -u = -o*r - 168. What is the hundreds digit of u?
1
What is the hundreds digit of -13 + (3 - 1710/(-6))?
2
Let g(d) = -14*d + 24. Suppose 5*r = 14 + 66. Let v be (-87)/12 - ((-20)/r + 1). What is the hundreds digit of g(v)?
1
Suppose 335685 - 89241 = 33*d. What is the thousands digit of d?
7
Let t be 5/5 - (-10 - 2). Suppose -t*n + 150 = -8*n. What is the units digit of 936/10 + n/(-50)?
3
Suppose -702 = -4*n - 2*b, -9*b + 8*b - 881 = -5*n. Suppose 4*u - 3*u = -43. Let g = n - u. What is the hundreds digit of g?
2
Suppose -143017 = -15*b + 134281 - 82043. What is the tens digit of b?
1
Let i = -51 + 53. Let m be 108/(-14) - i/7. What is the tens digit of (10/m)/(4/(-96))?
3
Suppose 511*l - 20190 = 1012*l - 511*l. What is the units digit of l?
9
Let i(f) = 37*f**2 - 142*f - 135. What is the units digit of i(26)?
5
Let m(k) = 2838*k + 251. What is the hundreds digit of m(1)?
0
Let h(b) = -b**3 + 13*b**2 - 12*b - 3. Let a be h(12). Let q be (-2)/(a - 89/(-30)). Suppose 61 = f - q. What is the tens digit of f?
2
Let z(a) = a**2 - 278*a - 284. What is the hundreds digit of z(-75)?
1
Suppose 28*c - 448416 = 10*c. What is the ten thousands digit of c?
2
Let a(t) = -7731*t + 1862. What is the thousands digit of a(-8)?
3
Suppose -75 = -5*n + 35. Let s be 8386/n - (20/22)/5. Suppose -x = 2*x - s. What is the tens digit of x?
2
Let m = 14283 + -1090. What is the thousands digit of m?
3
Let p = 17 + -16. Let z be p/(-3 - (-13)/4). What is the units digit of 1 + 8/((-1)/(z/(-8)))?
5
Suppose 38*z - 42*z = 11*d - 70940, 5*d - 32234 = 2*z. What is the units digit of d?
8
Suppose 5*q - 2*q = -120. Let w be (-1 - 10/(-4))*q/(-12). Suppose w*b = j - 28, 10*b - 6*b - 19 = -j. What is the tens digit of j?
2
What is the units digit of (259616/14 - -18) + -5?
7
Let z(g) = -64*g**2 - 8*g + 7. Let r(w) = w**2 + 2. Let h(b) = -5*r(b) - z(b). What is the tens digit of h(3)?
3
Let n = -16101 - -31201. What is the ten thousands digit of n?
1
Suppose f - 3*o + 9 = -0*f, 3*f - 2*o + 6 = 0. Let v = f + 113. Let x = v + 7. What is the units digit of x?
0
Let u(s) = 5*s**3 + 112*s**2 - 10*s. What is the tens digit of u(-12)?
0
Suppose -20*z + 3863 + 5090 = -2647. What is the tens digit of z?
8
Suppose 4*m = -5*j + m - 3, -5*m = 5. Suppose x + 4 = j, 2*l - 4*x - 66 = l. What is the units digit of l?
0
Let a(t) = -2*t - 6. Let i be a(-6). Let d be 55 - 5/(10/i). Let n = -11 + d. What is the units digit of n?
1
Let h = 29 - 68. Let c = 3 - h. What is the tens digit of c?
4
Let w(x) = 5*x + 25. Let f be w(-4). Let d(j) = f - 3 - 3 - 12*j - 26*j. What is the tens digit of d(-1)?
3
Suppose 0 = -4*g - l + 14, 4*g - 4*l = 3 + 1. Suppose -g*n + 11 + 4 = 0. Suppose 0 = -x + n*k + 88, -134 = -2*x - 0*k - 4*k. What is the units digit of x?
3
Suppose x - 3*y + 2455 = 0, 0 = -2*x + 4*y + 1343 - 6261. What is the tens digit of (470/(-50) - -10) + x/(-5)?
9
Suppose -j + 4*r + 4240 = 0, -36*r + 40*r - 21080 = -5*j. What is the tens digit of j?
2
Suppose 586*u - 580*u - 74058 = 0. What is the thousands digit of u?
2
Let q(w) = 18*w + 3. Let c(x) = -2*x**2 + 7*x. Let g be c(4). Let a = 10 + g. What is the tens digit of q(a)?
1
Suppose 3*h = -3 + 18. Suppose h*s + 4 - 34 = 0. Suppose -226 = -3*o - 4*j, 3*o + s*j - 225 = 3*j. What is the units digit of o?
4
What is the hundreds digit of 2/2 - 63441/(-9) - -7?
0
Let o(j) = j**2 - 23*j + 153. Suppose 2*w = -5*l + 88 + 24, -108 = -4*l + 3*w. What is the units digit of o(l)?
7
Suppose 0 = -2*v - 4*s + 12, s = 9 - 6. Suppose -2*c - u = -9 - v, 4 = c + u. Suppose 3*t + 4*i = 556, -5*t - 2*i = -c*i - 917. What is the units digit of t?
4
Suppose -18*n - 27*n + 33435 = 0. Suppose 5*r + 5*f = 7*f + 731, 5*r = -4*f + n. What is the units digit of r?
7
Let h(n) = -5*n + 165. Let t be h(38). Let m = 232 + t. What is the hundreds digit of m?
2
What is the hundreds digit of (-158 - -3)*(49725/(-102) + 9/(-6))?
7
Suppose 6*s + 5*p - 15 = 4*s, 0 = p - 1. Suppose 13*z = s + 1776. What is the tens digit of z?
3
Let k(l) = l**3 - 8*l**2 + 32*l - 275. What is the hundreds digit of k(16)?
2
Suppose -223*h + 1508475 = -1418623. What is the units digit of h?
6
Suppose -4*b + 27 = b + h, 4*b + h - 22 = 0. Let v(a) = 200*a + 193. What is the hundreds digit of v(b)?
1
Suppose -2311851 = -263*a + 234*a. What is the ten thousands digit of a?
7
Let n(q) = -2586*q + 2870. What is the units digit of n(-8)?
8
Let m(d) = d**2 + d + 147. Let o be m(0). Suppose -2016 = -7*t + o. What is the hundreds digit of t?
3
Let b(w) = -16*w**3 + w**2 + 2*w + 9621. What is the thousands digit of b(0)?
9
Suppose -5*o - 72 = -8*y + 4*y, -3*o + 5*y - 51 = 0. What is the units digit of (-24)/7*294/o?
4
Suppose -5*s + 65819 = 4*a, 43*a = 47*a - 2*s - 65798. What is the ten thousands digit of a?
1
Suppose 13*d + 63 = -2. Let c(a) = -137*a. What is the hundreds digit of c(d)?
6
Suppose 4*u = -3*q - 4, -2*u - 2 = 3*q + q. Let m be u + (-5811)/21 - (-2)/(-7). Let j = m - -393. What is the tens digit of j?
1
Let b = -42 + 98. Suppose -4*v + b = -0*v. Suppose 5*q = -z + 94 - 35, v = q - 2*z. What is the tens digit of q?
1
Let v = -89 + 91. Suppose 0 = -3*y - 2*f + 358, -v*f + 527 - 47 = 4*y. What is the hundreds digit of y?
1
What is the hundreds digit of (276204/16)/((-300)/(-160))*5/2?
0
Suppose -5*o + 228 = -7*s + 3*s, 192 = -4*s - 4*o. Let v = 64 + 26. Let x = s + v. What is the tens digit of x?
3
Let l be (0/((-8)/2))/(-1). Suppose -10*a + 4*a + 900 = l. Let f = 237 - a. What is the tens digit of f?
8
Let h be -4 - (8 - 334)*1. Let v = h + 172. What is the tens digit of v?
9
Let f(x) = 29*x**3 - 27*x**2 + 26*x + 5. What is the thousands digit of f(5)?
3
Suppose -41*a + 46*a + 250 = 0. Suppose 132 = 6*d - 4*d. Let s = a + d. What is the units digit of s?
6
Suppose 1 = m, -4*m + 3 = 2*w - 5*m. Suppose -5*l = -4*s + 3342, 276 - 1938 = -2*s - w*l. Let x = s - 592. What is the tens digit of x?
4
Suppose -12*w + 26616 + 71176 = -4*w. What is the hundreds digit of w?
2
Let m(y) = -5*y. Let q be m(-1). Suppose r - 3*j = 2, -q*r = j - 41 - 1. Suppose -33 = -r*h + 15. What is the units digit of h?
6
Suppose 4*f + 2*d = 12 + 18, -4*f + 31 = 3*d. Let i be 5370/105 - 1/f. Let t = -31 + i. What is the tens digit of t?
2
What is the units digit of 6/4 - (-20997)/2?
0
Suppose 3*s - 1455 = -w, -1582 = -2*w + 2*s + 1288. Suppose 9*t - t - w = 0. What is the units digit of t?
0
Let y = 6048 - -552. What is the units digit of y?
0
Suppose -475140 = 2551*p - 2581*p. What is the units digit of p?
8
Let z(t) be the first derivative of -t**4/4 + 7*t**3/3 + 7*t**2/2 - 8*t + 2. Let f(b) = -b**2 + 22*b - 99. Let r be f(7). What is the tens digit of z(r)?
7
Let v(j) = 64*j + 2563. What is the thousands digit of v(14)?
3
Let m(u) = 1932*u**3 + 4*u**2 + 24*u - 45. What is the ten thousa